t of 393?
9
What is the ten thousands digit of 58500?
5
What is the tens digit of 7010?
1
What is the tens digit of 36742?
4
What is the units digit of 22888?
8
What is the tens digit of 12290?
9
What is the tens digit of 98?
9
What is the hundreds digit of 3592?
5
What is the thousands digit of 1705?
1
What is the hundreds digit of 1419?
4
What is the thousands digit of 1156?
1
What is the units digit of 664?
4
What is the tens digit of 2998?
9
What is the tens digit of 10752?
5
What is the thousands digit of 4637?
4
What is the tens digit of 20152?
5
What is the units digit of 2213?
3
What is the units digit of 294?
4
What is the units digit of 85568?
8
What is the tens digit of 101?
0
What is the hundred thousands digit of 114341?
1
What is the units digit of 1292?
2
What is the thousands digit of 2262?
2
What is the ten thousands digit of 147332?
4
What is the hundreds digit of 42611?
6
What is the hundreds digit of 21818?
8
What is the hundreds digit of 707?
7
What is the thousands digit of 44228?
4
What is the units digit of 14788?
8
What is the thousands digit of 9614?
9
What is the tens digit of 7631?
3
What is the tens digit of 1230?
3
What is the units digit of 19920?
0
What is the ten thousands digit of 26822?
2
What is the hundreds digit of 841?
8
What is the hundreds digit of 582?
5
What is the thousands digit of 2418?
2
What is the hundreds digit of 1231?
2
What is the ten thousands digit of 24950?
2
What is the units digit of 5259?
9
What is the hundreds digit of 6882?
8
What is the thousands digit of 2663?
2
What is the hundreds digit of 7510?
5
What is the thousands digit of 3145?
3
What is the units digit of 10640?
0
What is the tens digit of 35285?
8
What is the tens digit of 24570?
7
What is the tens digit of 1659?
5
What is the thousands digit of 24299?
4
What is the units digit of 75?
5
What is the units digit of 1660?
0
What is the hundreds digit of 4803?
8
What is the units digit of 5334?
4
What is the units digit of 729?
9
What is the units digit of 32785?
5
What is the hundreds digit of 38234?
2
What is the units digit of 835?
5
What is the tens digit of 3033?
3
What is the thousands digit of 4344?
4
What is the units digit of 466?
6
What is the tens digit of 14941?
4
What is the units digit of 214?
4
What is the units digit of 1121?
1
What is the hundreds digit of 2781?
7
What is the units digit of 443?
3
What is the units digit of 1959?
9
What is the units digit of 327?
7
What is the hundreds digit of 5632?
6
What is the units digit of 2623?
3
What is the ten thousands digit of 27119?
2
What is the tens digit of 989?
8
What is the thousands digit of 21250?
1
What is the tens digit of 1657?
5
What is the hundreds digit of 7077?
0
What is the hundreds digit of 1445?
4
What is the ten thousands digit of 37404?
3
What is the units digit of 479?
9
What is the thousands digit of 4380?
4
What is the tens digit of 1646?
4
What is the units digit of 73397?
7
What is the tens digit of 32?
3
What is the thousands digit of 35132?
5
What is the hundreds digit of 8458?
4
What is the units digit of 8256?
6
What is the tens digit of 77840?
4
What is the thousands digit of 34716?
4
What is the hundreds digit of 110?
1
What is the hundreds digit of 735?
7
What is the thousands digit of 8779?
8
What is the units digit of 4064?
4
What is the tens digit of 1067?
6
What is the tens digit of 3980?
8
What is the tens digit of 367?
6
What is the thousands digit of 1625?
1
What is the thousands digit of 32481?
2
What is the tens digit of 2098?
9
What is the units digit of 5236?
6
What is the hundreds digit of 12175?
1
What is the units digit of 4232?
2
What is the hundreds digit of 5499?
4
What is the tens digit of 435?
3
What is the thousands digit of 18421?
8
What is the thousands digit of 2578?
2
What is the thousands digit of 2490?
2
What is the thousands digit of 14011?
4
What is the hundreds digit of 1495?
4
What is the hundreds digit of 5468?
4
What is the units digit of 4547?
7
What is the tens digit of 24013?
1
What is the thousands digit of 1863?
1
What is the thousands digit of 5106?
5
What is the hundreds digit of 7249?
2
What is the thousands digit of 1419?
1
What is the units digit of 36919?
9
What is the hundreds digit of 89706?
7
What is the thousands digit of 1895?
1
What is the thousands digit of 1234?
1
What is the hundreds digit of 498?
4
What is the units digit of 4969?
9
What is the hundreds digit of 26663?
6
What is the thousands digit of 2400?
2
What is the tens digit of 2666?
6
What is the hundreds digit of 18513?
5
What is the units digit of 11523?
3
What is the tens digit of 11459?
5
What is the units digit of 11?
1
What is the tens digit of 360?
6
What is the tens digit of 6114?
1
What is the thousands digit of 2113?
2
What is the hundreds digit of 1538?
5
What is the tens digit of 7391?
9
What is the ten thousands digit of 48533?
4
What is the tens digit of 919?
1
What is the thousands digit of 7890?
7
What is the thousands digit of 21577?
1
What is the units digit of 41072?
2
What is the tens digit of 924?
2
What is the tens digit of 1181?
8
What is the thousands digit of 1247?
1
What is the hundreds digit of 1497?
4
What is the hundreds digit of 913?
9
What is the units digit of 15275?
5
What is the tens digit of 12486?
8
What is the tens digit of 338?
3
What is the units digit of 656?
6
What is the hundreds digit of 75954?
9
What is the hundreds digit of 53771?
7
What is the hundreds digit of 5895?
8
What is the hundreds digit of 204?
2
What is the thousands digit of 1030?
1
What is the tens digit of 2037?
3
What is the thousands digit of 1287?
1
What is the thousands digit of 1905?
1
What is the hundreds digit of 8857?
8
What is the hundreds digit of 2260?
2
What is the ten thousands digit of 142899?
4
What is the hundreds digit of 104?
1
What is the units digit of 5101?
1
What is the tens digit of 107203?
0
What is the thousands digit of 1899?
1
What is the units digit of 6185?
5
What is the hundreds digit of 293?
2
What is the thousands digit of 1092?
1
What is the thousands digit of 12751?
2
What is the units digit of 22441?
1
What is the units digit of 33513?
3
What is the units digit of 58860?
0
What is the thousands digit of 8259?
8
What is the units digit of 3138?
8
What is the thousands digit of 14208?
4
What is the hundreds digit of 74452?
4
What is the units digit of 928?
8
What is the ten thousands digit of 25315?
2
What is the hundreds digit of 1174?
1
What is the tens digit of 2047?
4
What is the tens digit of 7877?
7
What is the units digit of 1410?
0
What is the hundreds digit of 5058?
0
What is the tens digit of 3962?
6
What is the tens digit of 112109?
0
What is the thousands digit of 15710?
5
What is the thousands digit of 7454?
7
What is the hundreds digit of 3420?
4
What is the units digit of 987?
7
What is the tens digit of 3614?
1
What is the units digit of 1343?
3
What is the tens digit of 16732?
3
What is the hundreds digit of 492?
4
What is the hundreds digit of 551?
5
What is the tens digit of 2978?
7
What is the hundreds digit of 3159?
1
What is the hundreds digit of 10252?
2
What is the hundreds digit of 83984?
9
What is the hundreds digit of 117011?
0
What is the units digit of 3921?
1
What is the tens digit of 5556?
5
What is the hundreds digit of 927?
9
What is the tens digit of 26?
2
What is the units digit of 916?
6
What is the hundreds digit of 56038?
0
What is the tens digit of 21517?
1
What is the units digit of 6917?
7
What is the units digit of 30263?
3
What is the hundreds digit of 246?
2
What is the hundred thousands digit of 102104?
1
What is the thousands digit of 3568?
3
What is the units digit of 62?
2
What is the units digit of 1879?
9
What is the hundreds digit of 5977?
9
What is the thousands digit of 152252?
2
What is the ten thousands digit of 19457?
1
What is the tens digit of 50?
5
What is the units digit of 16732?
2
What is the tens digit of 43538?
3
What is the tens digit of 3476?
7
What is the ten thousands digit of 35494?
3
What is the tens digit of 5966?
6
What is the ten thousands digit of 59886?
5
What is the tens digit of 12036?
3
What is the tens digit of 312?
1
What is the tens digit of 3008?
0
What is the tens digit of 14?
1
What is the tens d